{"id":311,"date":"2019-01-23T17:32:37","date_gmt":"2019-01-23T16:32:37","guid":{"rendered":"https:\/\/kljb-oedekoven.de\/?page_id=311"},"modified":"2020-02-22T16:19:48","modified_gmt":"2020-02-22T15:19:48","slug":"kinderkarnevalsdisco","status":"publish","type":"page","link":"https:\/\/kljb-oedekoven.de\/?page_id=311","title":{"rendered":"Kinderkarnevalsdisco 2020"},"content":{"rendered":"\n<p>Am Karnevalsfreitag \u00f6ffneten wir wieder unsere T\u00fcren f\u00fcr rund\n50 feierw\u00fctige Kinder im Alter von 6-13 Jahren, die mit unseren 16 Betreuern\nKarneval feiern wollten. Die Kinderkarnevalsdisco fand in diesem Jahr wieder in\nder Mehrzweckhalle in Impekoven statt. In jecken Kost\u00fcmen, bei Discofeeling mit\nLichtspektakel und zu Karnevalsmusik feierten die Kids bis 21 Uhr ausgelassen\nzu Hits wie Pirate, Polka, Polka, Polka und Viva Colonia sowie den Klassikern\nDas Rote Pferd, das Fliegerlied und Macarena. Der Renner waren auch die allseits\nbekannten Spiele Stopptanz und Limbo. Ein Highlight war der Auftritt des\ndiesj\u00e4hrigen Kinderprinzenpaares Gina I. und Nick I. der KG Alpenrose aus\nWitterschlick mit ihrem Gefolge. Begleitet wurde das k\u00f6nigliche Gespann von der\nzweiten Kindertanzgruppe der Alpenrose. Das Prinzenpaar warf Kamelle in die tobende\nMenge und die Kindertanzgruppe heizte uns mit ihrer grandiosen Tanzvorstellung\nein. <\/p>\n\n\n\n<p>F\u00fcr das leibliche Wohl sorgten wir mit frisch zubereiteten\nHotdogs und verschiedenen Getr\u00e4nken zum geringen Selbstkostenpreis.<\/p>\n\n\n\n<p>Wir bedanken uns bei allen Kindern, die mit uns getanzt,\ngesungen und gelacht haben und beim Witterschlicker Kinderprinzenpaar, die den\nWeg zu uns gefunden und f\u00fcr eine tolle Stimmung gesorgt haben.<\/p>\n\n\n\n<p>Bis zur n\u00e4chsten Session!\u00a0 <\/p>\n\n\n\n<figure class=\"wp-block-image\"><img loading=\"lazy\" width=\"1024\" height=\"545\" src=\"https:\/\/kljb-oedekoven.de\/wp-content\/uploads\/2020\/02\/Kinderkarnevalsdisco-2020-Banner-1-1024x545.jpg\" alt=\"\" class=\"wp-image-535\" srcset=\"https:\/\/kljb-oedekoven.de\/wp-content\/uploads\/2020\/02\/Kinderkarnevalsdisco-2020-Banner-1-1024x545.jpg 1024w, https:\/\/kljb-oedekoven.de\/wp-content\/uploads\/2020\/02\/Kinderkarnevalsdisco-2020-Banner-1-300x160.jpg 300w, https:\/\/kljb-oedekoven.de\/wp-content\/uploads\/2020\/02\/Kinderkarnevalsdisco-2020-Banner-1-768x409.jpg 768w\" sizes=\"(max-width: 1024px) 100vw, 1024px\" \/><\/figure>\n\n\n\n<figure class=\"wp-block-image\"><img loading=\"lazy\" width=\"1024\" height=\"768\" src=\"https:\/\/kljb-oedekoven.de\/wp-content\/uploads\/2020\/02\/Kinderkarnevalsdisco-2020-1024x768.jpg\" alt=\"\" class=\"wp-image-536\" srcset=\"https:\/\/kljb-oedekoven.de\/wp-content\/uploads\/2020\/02\/Kinderkarnevalsdisco-2020-1024x768.jpg 1024w, https:\/\/kljb-oedekoven.de\/wp-content\/uploads\/2020\/02\/Kinderkarnevalsdisco-2020-300x225.jpg 300w, https:\/\/kljb-oedekoven.de\/wp-content\/uploads\/2020\/02\/Kinderkarnevalsdisco-2020-768x576.jpg 768w\" sizes=\"(max-width: 1024px) 100vw, 1024px\" \/><\/figure>\n","protected":false},"excerpt":{"rendered":"<p>Am Karnevalsfreitag \u00f6ffneten wir wieder unsere T\u00fcren f\u00fcr rund 50 feierw\u00fctige Kinder im Alter von 6-13 Jahren, die mit unseren 16 Betreuern Karneval feiern wollten. Die Kinderkarnevalsdisco fand in diesem Jahr wieder in der Mehrzweckhalle in Impekoven statt. In jecken Kost\u00fcmen, bei Discofeeling mit Lichtspektakel und zu Karnevalsmusik feierten die Kids bis 21 Uhr ausgelassen [&hellip;]<\/p>\n","protected":false},"author":2,"featured_media":0,"parent":6,"menu_order":0,"comment_status":"closed","ping_status":"closed","template":"","meta":[],"_links":{"self":[{"href":"https:\/\/kljb-oedekoven.de\/index.php?rest_route=\/wp\/v2\/pages\/311"}],"collection":[{"href":"https:\/\/kljb-oedekoven.de\/index.php?rest_route=\/wp\/v2\/pages"}],"about":[{"href":"https:\/\/kljb-oedekoven.de\/index.php?rest_route=\/wp\/v2\/types\/page"}],"author":[{"embeddable":true,"href":"https:\/\/kljb-oedekoven.de\/index.php?rest_route=\/wp\/v2\/users\/2"}],"replies":[{"embeddable":true,"href":"https:\/\/kljb-oedekoven.de\/index.php?rest_route=%2Fwp%2Fv2%2Fcomments&post=311"}],"version-history":[{"count":8,"href":"https:\/\/kljb-oedekoven.de\/index.php?rest_route=\/wp\/v2\/pages\/311\/revisions"}],"predecessor-version":[{"id":538,"href":"https:\/\/kljb-oedekoven.de\/index.php?rest_route=\/wp\/v2\/pages\/311\/revisions\/538"}],"up":[{"embeddable":true,"href":"https:\/\/kljb-oedekoven.de\/index.php?rest_route=\/wp\/v2\/pages\/6"}],"wp:attachment":[{"href":"https:\/\/kljb-oedekoven.de\/index.php?rest_route=%2Fwp%2Fv2%2Fmedia&parent=311"}],"curies":[{"name":"wp","href":"https:\/\/api.w.org\/{rel}","templated":true}]}}