{"id":364,"date":"2019-03-18T21:27:00","date_gmt":"2019-03-18T20:27:00","guid":{"rendered":"https:\/\/kljb-oedekoven.de\/?page_id=364"},"modified":"2020-02-17T15:11:44","modified_gmt":"2020-02-17T14:11:44","slug":"maedchen-und-frauenflohmarkt","status":"publish","type":"page","link":"https:\/\/kljb-oedekoven.de\/?page_id=364","title":{"rendered":"M\u00e4dchen- und Frauenflohmarkt 2019"},"content":{"rendered":"\n<p>Bei strahlendem Sonnenschein fand am 07.04.2019 im Oedekovener Pfarrzentrum nun zum zweiten Mal unser M\u00e4dchen- und Frauenflohmarkt statt.<\/p>\n\n\n\n<p>Alle 23 Verkaufstische waren schon einige Wochen vorher an Frauen und M\u00e4dchen aus der Umgebungen vergeben worden. Am Morgen des Verkaufstages wurden sie dann mit Kleidern aus den unterschiedlichsten Stilrichtungen gef\u00fcllt.<\/p>\n\n\n\n<p>Den ganzen Tag \u00fcber konnten die Anziehsachen und Accessoires entdeckt, anprobiert und geshoppt werden. Zur St\u00e4rkung boten die Mitglieder der KLJB selbst gebackene Kuchen, Kaffee und kalte Getr\u00e4nke an.<\/p>\n\n\n\n<p>Der Flohmarkt war auch in diesem Jahr f\u00fcr uns ein voller Erfolg. Wir haben uns sehr \u00fcber viele neue und alte Gesichter gefreut.<\/p>\n\n\n\n<p>Wir bedanken uns bei unseren Organisatoren, den Verk\u00e4uferinnen und allen G\u00e4sten, die unserem kleinen Flohmarkt einen Besuch abgestattet haben.<\/p>\n\n\n\n<p><\/p>\n\n\n\n<figure class=\"wp-block-image\"><img src=\"https:\/\/kljb-oedekoven.de\/wp-content\/uploads\/2019\/03\/M\u00e4dchen-und-Frauenflohmarkt-2019-724x1024.jpg\" alt=\"\" class=\"wp-image-365\"\/><\/figure>\n","protected":false},"excerpt":{"rendered":"<p>Bei strahlendem Sonnenschein fand am 07.04.2019 im Oedekovener Pfarrzentrum nun zum zweiten Mal unser M\u00e4dchen- und Frauenflohmarkt statt. Alle 23 Verkaufstische waren schon einige Wochen vorher an Frauen und M\u00e4dchen aus der Umgebungen vergeben worden. Am Morgen des Verkaufstages wurden sie dann mit Kleidern aus den unterschiedlichsten Stilrichtungen gef\u00fcllt. Den ganzen Tag \u00fcber konnten die [&hellip;]<\/p>\n","protected":false},"author":2,"featured_media":0,"parent":6,"menu_order":0,"comment_status":"closed","ping_status":"closed","template":"","meta":[],"_links":{"self":[{"href":"https:\/\/kljb-oedekoven.de\/index.php?rest_route=\/wp\/v2\/pages\/364"}],"collection":[{"href":"https:\/\/kljb-oedekoven.de\/index.php?rest_route=\/wp\/v2\/pages"}],"about":[{"href":"https:\/\/kljb-oedekoven.de\/index.php?rest_route=\/wp\/v2\/types\/page"}],"author":[{"embeddable":true,"href":"https:\/\/kljb-oedekoven.de\/index.php?rest_route=\/wp\/v2\/users\/2"}],"replies":[{"embeddable":true,"href":"https:\/\/kljb-oedekoven.de\/index.php?rest_route=%2Fwp%2Fv2%2Fcomments&post=364"}],"version-history":[{"count":4,"href":"https:\/\/kljb-oedekoven.de\/index.php?rest_route=\/wp\/v2\/pages\/364\/revisions"}],"predecessor-version":[{"id":526,"href":"https:\/\/kljb-oedekoven.de\/index.php?rest_route=\/wp\/v2\/pages\/364\/revisions\/526"}],"up":[{"embeddable":true,"href":"https:\/\/kljb-oedekoven.de\/index.php?rest_route=\/wp\/v2\/pages\/6"}],"wp:attachment":[{"href":"https:\/\/kljb-oedekoven.de\/index.php?rest_route=%2Fwp%2Fv2%2Fmedia&parent=364"}],"curies":[{"name":"wp","href":"https:\/\/api.w.org\/{rel}","templated":true}]}}