{"id":448,"date":"2019-10-06T18:44:09","date_gmt":"2019-10-06T16:44:09","guid":{"rendered":"https:\/\/kljb-oedekoven.de\/?page_id=448"},"modified":"2020-02-17T15:12:00","modified_gmt":"2020-02-17T14:12:00","slug":"einheitsbuddeln-2019","status":"publish","type":"page","link":"https:\/\/kljb-oedekoven.de\/?page_id=448","title":{"rendered":"Einheitsbuddeln 2019"},"content":{"rendered":"\n<p>Am 03.10.2019 haben wir an der Aktion \u201eEinheitsbuddeln\u201c teilgenommen und haben drei Fl\u00e4chen bepflanzt. Im Auftrag des F\u00f6rderverein f\u00fcr Heimat und Naturschutz Oedekoven haben wir eine Fl\u00e4che der Gemeinde bepflanzt, die vom F\u00f6rderverein weiter ausgebaut wird. Dort wird nun ein Apfeltor mit Sitzgelegenheiten als Ruheoase entstehen. Anschlie\u00dfend sind wir mit Schubkarren, Gartenger\u00e4ten und den Pflanzen zu Familien aus Oedekoven und Gielsdorf gelaufen und haben dort B\u00e4ume in die G\u00e4rten gesetzt.<br>Unterst\u00fctzt wurden wir durch Spenden in Form von Pflanzen, Fl\u00e4chen und Geldspenden von Privatleuten, dem \u00f6rtlich ans\u00e4ssigen Unternehmen Baumschule Fuhs sowie der Fa\u00dfbender Stiftung.<\/p>\n\n\n\n<p><br>Die Idee hinter der Aktion ist, dass am Tag der Deutschen Einheit m\u00f6glichst viele B\u00fcrger im gesamten Bundesgebiet durch Baumpflanzungen zur Aufforstung und damit zum Klimaschutz beitragen. Im Rahmen \u00e4hnlicher Aktionen wurde in Indien 220 Millionen B\u00e4ume gepflanzt, in \u00c4thiopien waren es sogar 350 Millionen an nur einem Tag.<br>Die Idee stammt von der Staatskanzlei Schleswig-Holstein. Laut Staatssekret\u00e4r Dirk Schr\u00f6dter wisse man, dass die Aufforstung eines der wirksamsten Mittel gegen den Klimawandel und einer der entscheidendsten Schl\u00fcssel zum Erreichen der Klimaziele sei.<br>Das \u201eEinheitsbuddeln\u201c findet l\u00e4nder\u00fcbergreifen in Deutschland statt. Von angemeldeten Pflanzpartys bis hin zu kleinen privaten Bepflanzungen kann jeder seinen Teil zum Klimaschutz beitragen.<\/p>\n\n\n\n<p><br>Wir setzten uns schon seit l\u00e4ngerem f\u00fcr den Umweltschutz ein. Wir veranstalten mehrmals im Jahr M\u00fcllsammelaktionen, organisieren unseren M\u00e4dchen- &amp; Frauenflohmarkt, um Second-Hand-Kleidung zu f\u00f6rdern und achten auch bei unseren Kinderaktionen auf nachhaltige Produkte und die Vermeidung von unn\u00f6tigem M\u00fcll.<\/p>\n\n\n\n<p><br>Weitere Informationen zum \u201eEinheitsbuddeln\u201c sind auf der offiziellen Homepage <a href=\"http:\/\/www.einheitsbuddeln.de\">www.einheitsbuddeln.de<\/a> zu finden. <\/p>\n\n\n\n<figure class=\"wp-block-image\"><img loading=\"lazy\" width=\"1024\" height=\"768\" src=\"https:\/\/kljb-oedekoven.de\/wp-content\/uploads\/2019\/10\/Einheitsbuddeln-2019-1024x768.jpg\" alt=\"\" class=\"wp-image-449\" srcset=\"https:\/\/kljb-oedekoven.de\/wp-content\/uploads\/2019\/10\/Einheitsbuddeln-2019-1024x768.jpg 1024w, https:\/\/kljb-oedekoven.de\/wp-content\/uploads\/2019\/10\/Einheitsbuddeln-2019-300x225.jpg 300w, https:\/\/kljb-oedekoven.de\/wp-content\/uploads\/2019\/10\/Einheitsbuddeln-2019-768x576.jpg 768w\" sizes=\"(max-width: 1024px) 100vw, 1024px\" \/><\/figure>\n","protected":false},"excerpt":{"rendered":"<p>Am 03.10.2019 haben wir an der Aktion \u201eEinheitsbuddeln\u201c teilgenommen und haben drei Fl\u00e4chen bepflanzt. Im Auftrag des F\u00f6rderverein f\u00fcr Heimat und Naturschutz Oedekoven haben wir eine Fl\u00e4che der Gemeinde bepflanzt, die vom F\u00f6rderverein weiter ausgebaut wird. Dort wird nun ein Apfeltor mit Sitzgelegenheiten als Ruheoase entstehen. Anschlie\u00dfend sind wir mit Schubkarren, Gartenger\u00e4ten und den Pflanzen [&hellip;]<\/p>\n","protected":false},"author":2,"featured_media":0,"parent":0,"menu_order":0,"comment_status":"closed","ping_status":"closed","template":"","meta":[],"_links":{"self":[{"href":"https:\/\/kljb-oedekoven.de\/index.php?rest_route=\/wp\/v2\/pages\/448"}],"collection":[{"href":"https:\/\/kljb-oedekoven.de\/index.php?rest_route=\/wp\/v2\/pages"}],"about":[{"href":"https:\/\/kljb-oedekoven.de\/index.php?rest_route=\/wp\/v2\/types\/page"}],"author":[{"embeddable":true,"href":"https:\/\/kljb-oedekoven.de\/index.php?rest_route=\/wp\/v2\/users\/2"}],"replies":[{"embeddable":true,"href":"https:\/\/kljb-oedekoven.de\/index.php?rest_route=%2Fwp%2Fv2%2Fcomments&post=448"}],"version-history":[{"count":8,"href":"https:\/\/kljb-oedekoven.de\/index.php?rest_route=\/wp\/v2\/pages\/448\/revisions"}],"predecessor-version":[{"id":527,"href":"https:\/\/kljb-oedekoven.de\/index.php?rest_route=\/wp\/v2\/pages\/448\/revisions\/527"}],"wp:attachment":[{"href":"https:\/\/kljb-oedekoven.de\/index.php?rest_route=%2Fwp%2Fv2%2Fmedia&parent=448"}],"curies":[{"name":"wp","href":"https:\/\/api.w.org\/{rel}","templated":true}]}}