{"id":677,"date":"2020-07-10T13:36:10","date_gmt":"2020-07-10T11:36:10","guid":{"rendered":"https:\/\/kljb-oedekoven.de\/?page_id=677"},"modified":"2020-07-10T14:46:12","modified_gmt":"2020-07-10T12:46:12","slug":"tag-12","status":"publish","type":"page","link":"https:\/\/kljb-oedekoven.de\/?page_id=677","title":{"rendered":"Tag 12"},"content":{"rendered":"\n<p><strong>Freitag, 10.07.2020<\/strong> Der Abbau<\/p>\n\n\n\n<p>Sobald ihr Freitagmorgen den Platz verlassen habt, beginnen wir mit dem Abbau des ASPs. Der dauert meistens mehrere Tage.<\/p>\n\n\n\n<p>Abbauen hei\u00dft f\u00fcr uns, alle Buden abzurei\u00dfen, die Zelte leerzur\u00e4umen und abzubauen, die Turnhalle und den Bauwagen zu putzen und alle unsere Materialen ins Pfarrheim zu fahren.<\/p>\n\n\n\n<p>Am schwersten f\u00e4llt es uns, eure Buden abzubauen. Das, was ihr einen Tag vorher noch mit viel Liebe zusammengezimmert habt. Beim Abbauen geben wir uns jedoch sehr viel M\u00fche. Wir versuchen, m\u00f6glichst wenig kaputt zu machen und viel des verwendeten Holzes wiederzuverwenden. Dazu entnageln wir jedes Brett, stapeln es und lagern es ein, um es im n\u00e4chsten Jahr zum n\u00e4chsten ASP wieder rauszuholen. Nur das kaputte Holz wird von uns entsorgt.<\/p>\n\n\n\n<p>Der Abbau unter freiem Himmel \u2013 und in den letzten Jahren meistens bei praller Hitze \u2013 ist der k\u00f6rperlich anstrengendste Teil und wir sind meistens sehr ersch\u00f6pft danach.<\/p>\n\n\n\n<p>Ihr habt nat\u00fcrlich jedes Jahr die Chance, eure oder eine andere Bude zu kaufen. Ihr k\u00f6nnt sie dann in eurem Garten wiederaufbauen. Einige Leute aus dem Dorf kaufen Buden auch, um das Holz daf\u00fcr weiter zu verwenden.<br>Wir sind froh \u00fcber jede Bude, die verkauft wird und nicht von uns abgebaut werden muss :p<\/p>\n\n\n\n<figure class=\"wp-block-image size-large\"><img loading=\"lazy\" width=\"1024\" height=\"768\" src=\"https:\/\/kljb-oedekoven.de\/wp-content\/uploads\/2020\/07\/1-10-1024x768.jpg\" alt=\"\" class=\"wp-image-678\" srcset=\"https:\/\/kljb-oedekoven.de\/wp-content\/uploads\/2020\/07\/1-10-1024x768.jpg 1024w, https:\/\/kljb-oedekoven.de\/wp-content\/uploads\/2020\/07\/1-10-300x225.jpg 300w, https:\/\/kljb-oedekoven.de\/wp-content\/uploads\/2020\/07\/1-10-768x576.jpg 768w, https:\/\/kljb-oedekoven.de\/wp-content\/uploads\/2020\/07\/1-10-1536x1152.jpg 1536w, https:\/\/kljb-oedekoven.de\/wp-content\/uploads\/2020\/07\/1-10-2048x1536.jpg 2048w\" sizes=\"(max-width: 1024px) 100vw, 1024px\" \/><\/figure>\n\n\n\n<figure class=\"wp-block-image size-large\"><img loading=\"lazy\" width=\"1024\" height=\"768\" src=\"https:\/\/kljb-oedekoven.de\/wp-content\/uploads\/2020\/07\/2-9-1024x768.jpg\" alt=\"\" class=\"wp-image-679\" srcset=\"https:\/\/kljb-oedekoven.de\/wp-content\/uploads\/2020\/07\/2-9-1024x768.jpg 1024w, https:\/\/kljb-oedekoven.de\/wp-content\/uploads\/2020\/07\/2-9-300x225.jpg 300w, https:\/\/kljb-oedekoven.de\/wp-content\/uploads\/2020\/07\/2-9-768x576.jpg 768w, https:\/\/kljb-oedekoven.de\/wp-content\/uploads\/2020\/07\/2-9-1536x1152.jpg 1536w, https:\/\/kljb-oedekoven.de\/wp-content\/uploads\/2020\/07\/2-9-2048x1536.jpg 2048w\" sizes=\"(max-width: 1024px) 100vw, 1024px\" \/><\/figure>\n\n\n\n<figure class=\"wp-block-image size-large\"><img loading=\"lazy\" width=\"1024\" height=\"768\" src=\"https:\/\/kljb-oedekoven.de\/wp-content\/uploads\/2020\/07\/3-8-1024x768.jpg\" alt=\"\" class=\"wp-image-680\" srcset=\"https:\/\/kljb-oedekoven.de\/wp-content\/uploads\/2020\/07\/3-8-1024x768.jpg 1024w, https:\/\/kljb-oedekoven.de\/wp-content\/uploads\/2020\/07\/3-8-300x225.jpg 300w, https:\/\/kljb-oedekoven.de\/wp-content\/uploads\/2020\/07\/3-8-768x576.jpg 768w, https:\/\/kljb-oedekoven.de\/wp-content\/uploads\/2020\/07\/3-8-1536x1152.jpg 1536w, https:\/\/kljb-oedekoven.de\/wp-content\/uploads\/2020\/07\/3-8-2048x1536.jpg 2048w\" sizes=\"(max-width: 1024px) 100vw, 1024px\" \/><\/figure>\n\n\n\n<figure class=\"wp-block-image size-large\"><img loading=\"lazy\" width=\"1024\" height=\"768\" src=\"https:\/\/kljb-oedekoven.de\/wp-content\/uploads\/2020\/07\/4-7-1024x768.jpg\" alt=\"\" class=\"wp-image-681\" srcset=\"https:\/\/kljb-oedekoven.de\/wp-content\/uploads\/2020\/07\/4-7-1024x768.jpg 1024w, https:\/\/kljb-oedekoven.de\/wp-content\/uploads\/2020\/07\/4-7-300x225.jpg 300w, https:\/\/kljb-oedekoven.de\/wp-content\/uploads\/2020\/07\/4-7-768x576.jpg 768w, https:\/\/kljb-oedekoven.de\/wp-content\/uploads\/2020\/07\/4-7-1536x1152.jpg 1536w, https:\/\/kljb-oedekoven.de\/wp-content\/uploads\/2020\/07\/4-7-2048x1536.jpg 2048w\" sizes=\"(max-width: 1024px) 100vw, 1024px\" \/><\/figure>\n","protected":false},"excerpt":{"rendered":"<p>Freitag, 10.07.2020 Der Abbau Sobald ihr Freitagmorgen den Platz verlassen habt, beginnen wir mit dem Abbau des ASPs. Der dauert meistens mehrere Tage. Abbauen hei\u00dft f\u00fcr uns, alle Buden abzurei\u00dfen, die Zelte leerzur\u00e4umen und abzubauen, die Turnhalle und den Bauwagen zu putzen und alle unsere Materialen ins Pfarrheim zu fahren. Am schwersten f\u00e4llt es uns, [&hellip;]<\/p>\n","protected":false},"author":2,"featured_media":0,"parent":0,"menu_order":0,"comment_status":"closed","ping_status":"closed","template":"","meta":[],"_links":{"self":[{"href":"https:\/\/kljb-oedekoven.de\/index.php?rest_route=\/wp\/v2\/pages\/677"}],"collection":[{"href":"https:\/\/kljb-oedekoven.de\/index.php?rest_route=\/wp\/v2\/pages"}],"about":[{"href":"https:\/\/kljb-oedekoven.de\/index.php?rest_route=\/wp\/v2\/types\/page"}],"author":[{"embeddable":true,"href":"https:\/\/kljb-oedekoven.de\/index.php?rest_route=\/wp\/v2\/users\/2"}],"replies":[{"embeddable":true,"href":"https:\/\/kljb-oedekoven.de\/index.php?rest_route=%2Fwp%2Fv2%2Fcomments&post=677"}],"version-history":[{"count":2,"href":"https:\/\/kljb-oedekoven.de\/index.php?rest_route=\/wp\/v2\/pages\/677\/revisions"}],"predecessor-version":[{"id":690,"href":"https:\/\/kljb-oedekoven.de\/index.php?rest_route=\/wp\/v2\/pages\/677\/revisions\/690"}],"wp:attachment":[{"href":"https:\/\/kljb-oedekoven.de\/index.php?rest_route=%2Fwp%2Fv2%2Fmedia&parent=677"}],"curies":[{"name":"wp","href":"https:\/\/api.w.org\/{rel}","templated":true}]}}